. Let m be u(-8). Let i(p) = -p**2 + 12*p + 1. Let q be i(m). Calculate the greatest common divisor of q and 3.
3
Suppose h = -0*h + 56. Suppose 2*g - 4*g - 4 = 0. Let o be g + (-4 - -3) - -143. Calculate the greatest common divisor of h and o.
28
Suppose -5*r - 308 = -108. Let g = -33 - r. Suppose -n + 2*a + 15 = -30, 2*a + 115 = 3*n. What is the highest common divisor of g and n?
7
Let i be (-2 - 1)*(-44)/6. Let f(c) = -16 + 1 + 7 + 3*c. Let k be f(10). Calculate the highest common divisor of i and k.
22
Let h be ((-1)/2)/(-5*(-5)/3200). Let z be (-1)/4*2*h. What is the greatest common factor of z and 80?
16
Let b = 603 + -522. What is the highest common factor of 675 and b?
27
Let x = -702 - -772. What is the highest common factor of x and 20?
10
Let z = 889 - 875. Calculate the greatest common divisor of 245 and z.
7
Let a = 5 + 1. Suppose 2*l - 204 = -a. Suppose 5*v - 41 - 157 = -13*v. Calculate the greatest common factor of l and v.
11
Let d = 521 - 271. What is the highest common factor of 100 and d?
50
Suppose 20 = -2*q + 4*f, q + f = -f - 10. Let p be (-4)/(-3)*(-735)/q. Calculate the highest common factor of 14 and p.
14
Suppose 3*o + 2*v - 231 = 347, 4*v = 4*o - 804. What is the greatest common divisor of 20 and o?
4
Suppose -3*t - 5*d = -2*t + 3, -2*d = 4*t - 78. What is the greatest common divisor of t and 484?
22
Suppose 7*g - 70 = 2*g. Suppose -21*j - 3*x + 219 = -16*j, 0 = -3*j - 4*x + 138. Calculate the highest common divisor of g and j.
14
Let o(q) = 16*q - 2 - 8*q + 9*q. Let u be o(3). Suppose 4*y = 3*y + u. What is the greatest common factor of 7 and y?
7
Suppose 60 + 50 = 11*w. Suppose w = -y + 4*h, y + 5*h = h + 30. Let p be 2/3*6/4. What is the greatest common divisor of p and y?
1
Suppose 4*g - s - s - 162 = 0, -3*g + s = -120. Suppose 0 = -b + 2*b - g. What is the highest common divisor of 13 and b?
13
Let v(p) = -41*p + 390. Let r be v(9). What is the greatest common factor of 119 and r?
7
Suppose -3*x + 3*v = -15, 0 = -4*x - 3*v - 1. Suppose -5*s + 0 = 5*j - 65, -x*s = -j - 41. What is the greatest common divisor of s and 162?
18
Suppose 8 = -2*d, -2*p + d = 6*d - 8. Calculate the greatest common divisor of 4 and p.
2
Let q be 1*(2 - (-1 - -4)). Let x = q - -14. What is the highest common divisor of x and 13?
13
Suppose 2*t + 25 = x - 46, -4*x = -2*t - 302. Calculate the greatest common divisor of 44 and x.
11
Suppose -y + 246 = y - 5*h, 2*y = -h + 246. Let r be 54/12*(y/9 + 1). Suppose -i - 3*i + 176 = 0. Calculate the highest common factor of r and i.
22
Let p(i) = -i - 7. Let l(t) = -2*t**3 + 2*t. Let j be l(2). Let h be p(j). Suppose -36 = -h*z + z. What is the greatest common factor of z and 81?
9
Suppose 365 = 12*x - 475. Let j(t) = -t + 4. Let q be j(-6). Calculate the highest common factor of x and q.
10
Let w be 6/4*522/27. What is the greatest common divisor of 116 and w?
29
Let n(w) = w**2 + 8*w + 4. Let a be (-2)/(8/(-220)*-5) - -3. Let c be n(a). Calculate the highest common factor of c and 1.
1
Let x(w) = -w**3 + 25*w**2 - 45*w - 21. Let o be x(23). Let z be (-8)/o + (43 - -5). Calculate the highest common factor of 33 and z.
11
Let s = 10787 - 10727. Let o = 6 - -24. Calculate the greatest common divisor of o and s.
30
Suppose 0 = 3*l - 14 - 10. Suppose -3*u + 21 = -27. Suppose 5*a = -o + u, o - 6*a = -a + 16. Calculate the greatest common factor of o and l.
8
Suppose -4*l = -8*l - 856. Suppose 5*i - 8*i + 1272 = 0. Let s = i + l. Calculate the highest common factor of 30 and s.
30
Suppose -16 = 34*j - 38*j. Suppose 0 = -5*q + 9 + 11. Let d = 0 + q. What is the greatest common factor of d and j?
4
Let p be (3/1)/(18/96). Calculate the greatest common divisor of p and 1.
1
Let n be (63 + -11)*(-1 - (-6)/4). What is the highest common divisor of 39 and n?
13
Let m = 221 - 121. Suppose -2*g + 7*g - 100 = 0. Calculate the highest common factor of g and m.
20
Let s(g) = g**3 - 5. Suppose 1 = -5*r + 26. Let m be s(r). Let c(p) = -5*p**2 + 328*p - 497. Let f be c(64). Calculate the highest common divisor of m and f.
15
Let h = 322 - 63. What is the greatest common factor of h and 14?
7
Suppose -5*a + 1057 + 68 = 0. Suppose 3*t - 4*t = f - 26, 128 = 5*t + 3*f. Calculate the highest common factor of t and a.
25
Let b(a) = a**2 - 8*a + 13. Let n be b(7). Let l = -8 - n. Let g = 212 + l. What is the greatest common factor of 18 and g?
18
Let f(v) = -v**3 + 5*v**2 + 9*v - 6. Let a be f(6). Let w be 9*(-2)/(-6) - -1. Suppose 51 = w*g - 21. Calculate the highest common factor of g and a.
6
Suppose -5*m + 55 = 5*u, m + 0*m - 5 = u. Let n(g) = g - 6. Let h be n(m). Suppose -h*a + a = -16. Calculate the highest common factor of a and 40.
8
Let d be 7553/(-26)*(-4)/7. Suppose 0 = 5*s - d - 79. What is the greatest common factor of s and 7?
7
Let g(z) = -2*z**3 - 3*z**2 - 3*z - 4. Let s be g(-3). Let j(u) = 4*u**2 - 14*u - 18. Let d be j(7). Calculate the highest common divisor of s and d.
16
Let s = -408 + 458. Calculate the highest common divisor of 240 and s.
10
Let p = 23 + -23. Let q be -5*(3 - p)/(-3). Suppose q*c - 150 = -0*c. What is the highest common factor of 12 and c?
6
Let w(l) = -l**2 - 5*l + 2. Suppose 0*d = 5*d + 90. Let o be d/4 + 2/(-4). Let z be w(o). What is the highest common factor of 5 and z?
1
Let a be ((-6)/5)/((-2)/5). Suppose 168 = a*m + 4*m. What is the greatest common divisor of 24 and m?
24
Let m be ((-25)/10)/(-5) - (-99)/2. Let y be 5*-3*3/(-9). Calculate the highest common factor of m and y.
5
Let o be (4 + 17)*-12*(-4)/14. What is the highest common factor of 2 and o?
2
Suppose 5*f - 3326 = -2*c + 4*c, -4*c = 7*f - 4670. What is the highest common divisor of f and 74?
74
Let q = -92 - -182. Calculate the greatest common factor of q and 135.
45
Suppose 59*k - 3474 + 229 = 0. What is the greatest common divisor of 11 and k?
11
Let s(g) = g**3 + 6*g**2 + 4*g + 14. Let i be s(-5). Let h be 1*-12*(-70)/(-40). Let m = h + 78. Calculate the highest common divisor of m and i.
19
Suppose 0 = -3*t - 2*t - 4*m + 68, 3*t = -3*m + 39. Suppose 2*j + 0*j - 224 = 0. Calculate the greatest common divisor of j and t.
16
Let r = 4 + 7. Let a be r/3 + 2/6. Let q(n) = 5*n**2 + 56*n + 88. Let g be q(-10). What is the greatest common factor of g and a?
4
Suppose -5*o = -10*o - 2*b + 370, -4*o - b = -293. Suppose r - 35 = -c - 3*c, -4*r = -2*c + 4. Calculate the greatest common divisor of c and o.
8
Let b = 1 - -2. Suppose 5*w + 78 = 28. Let u be (-56)/70 + (-338)/w. Calculate the greatest common divisor of u and b.
3
Let b = 1770 - 1752. Let t = 2 - 3. Let z be 197 - (2 + t)/(-1). What is the greatest common divisor of b and z?
18
Suppose 0 = b + 3*b - 12. Suppose 0*m + b = m. Calculate the highest common factor of m and 3.
3
Let o be ((-9)/(-12))/((-1 + 0)/(-444)). What is the greatest common factor of o and 74?
37
Suppose -5*n - 4*l - 107 = -10*n, -104 = -5*n + 3*l. Calculate the highest common divisor of n and 19.
19
Suppose -14*i - 21 = -3*f - 12*i, -f = 4*i - 7. What is the greatest common factor of 1 and f?
1
Let m be -3 + 36/4 - (-10 - -10). What is the highest common divisor of 654 and m?
6
Suppose 14*t - 15*t + 5 = 0. What is the highest common factor of 20 and t?
5
Let i(c) = 4*c**2 - 11*c + 20. Suppose 3*x - 6 = m + 2, 0 = -5*x + 2*m + 12. Let y be i(x). What is the greatest common divisor of 60 and y?
20
Let d be 269 + (2/(-6))/((-11)/99). Calculate the greatest common factor of 170 and d.
34
Suppose 749 = 21*r - 2947. What is the highest common divisor of 400 and r?
16
Let m be 3460/(-13)*-1 - 2/13. What is the highest common factor of 38 and m?
38
Let j be ((-10)/4)/((-86)/38012). Calculate the greatest common factor of 51 and j.
17
Let g(q) = -91*q + 1. Let s be g(-1). Let n be (s/16)/((-5)/(-40)). What is the greatest common divisor of 23 and n?
23
Let q(m) = -m**3 - 9*m**2 + 7*m + 6. Let w be q(-9). Let g = w - -89. Calculate the highest common factor of 4 and g.
4
Let g = 27 + -23. Suppose -2*a + 28 = -g*d, 3*a + 5*d = 3*d + 34. Calculate the greatest common divisor of a and 18.
6
Suppose -3*i - n = -4*i - 40, -i = 2*n + 31. Let v = -21 - i. Let r be ((-16)/(-2))/(4/v). Calculate the greatest common divisor of 80 and r.
16
Let o(g) = -10*g + 24. Let p be o(-4). What is the greatest commo